54
What is 8 (base 16) in base 10?
8
-4 (base 5) to base 10
-4
Convert 10001 (base 2) to base 4.
101
What is 11011010 (base 2) in base 4?
3122
What is -20211 (base 3) in base 9?
-224
-30 (base 12) to base 3
-1100
-110 (base 2) to base 8
-6
Convert 2 (base 3) to base 10.
2
Convert -43 (base 14) to base 9.
-65
Convert 30 (base 15) to base 7.
63
What is 0 (base 11) in base 2?
0
Convert 153 (base 11) to base 14.
cb
Convert 153 (base 12) to base 5.
1312
Convert -1010011 (base 2) to base 3.
-10002
What is 114 (base 7) in base 3?
2020
Convert 3 (base 5) to base 12.
3
Convert 1 (base 9) to base 10.
1
50 (base 8) to base 7
55
Convert -b (base 14) to base 9.
-12
-23 (base 4) to base 13
-b
What is 100111 (base 2) in base 9?
43
Convert 8 (base 15) to base 11.
8
-10100 (base 2) to base 11
-19
What is a (base 15) in base 12?
a
What is 62 (base 10) in base 7?
116
What is -200 (base 10) in base 8?
-310
Convert -2 (base 8) to base 13.
-2
Convert 1 (base 3) to base 4.
1
What is 1 (base 3) in base 15?
1
Convert 62 (base 8) to base 9.
55
What is -2 (base 11) in base 2?
-10
Convert 11 (base 14) to base 12.
13
Convert 12202 (base 3) to base 15.
a5
5 (base 10) to base 11
5
What is 155 (base 6) in base 9?
78
What is -10110 (base 3) in base 12?
-79
Convert -2 (base 14) to base 13.
-2
Convert -102 (base 10) to base 16.
-66
1 (base 8) to base 3
1
What is 10 (base 8) in base 15?
8
-9 (base 16) to base 7
-12
What is 3 (base 7) in base 6?
3
Convert -8 (base 10) to base 12.
-8
Convert b1 (base 12) to base 11.
111
Convert -3 (base 11) to base 4.
-3
Convert -2 (base 5) to base 2.
-10
3 (base 12) to base 2
11
What is 12 (base 3) in base 14?
5
What is 2 (base 4) in base 2?
10
1101100 (base 2) to base 3
11000
5 (base 16) to base 10
5
-335 (base 6) to base 13
-a1
180 (base 10) to base 5
1210
Convert -3 (base 11) to base 2.
-11
Convert -10010 (base 3) to base 4.
-1110
What is 0 (base 6) in base 8?
0
What is -133 (base 9) in base 11?
-a1
Convert 196 (base 12) to base 3.
100120
What is 2 (base 14) in base 5?
2
What is 1b5 (base 14) in base 9?
434
1404 (base 5) to base 16
e5
Convert -3 (base 9) to base 4.
-3
-71 (base 12) to base 5
-320
Convert -76 (base 8) to base 4.
-332
-1 (base 5) to base 16
-1
107 (base 12) to base 8
227
Convert -1b (base 15) to base 5.
-101
What is -2 (base 10) in base 5?
-2
What is -83 (base 11) in base 7?
-160
30 (base 4) to base 14
c
What is -11 (base 2) in base 4?
-3
101 (base 2) to base 11
5
105 (base 6) to base 5
131
Convert 94 (base 11) to base 15.
6d
-5 (base 9) to base 5
-10
44 (base 5) to base 4
120
2 (base 7) to base 3
2
What is 26 (base 14) in base 11?
31
What is -24 (base 5) in base 10?
-14
What is -2a (base 12) in base 14?
-26
Convert 104 (base 6) to base 5.
130
What is 4 (base 7) in base 4?
10
What is 0 (base 6) in base 11?
0
2 (base 6) to base 9
2
What is 2 (base 5) in base 12?
2
Convert 311 (base 5) to base 7.
144
Convert -2 (base 10) to base 4.
-2
What is -9 (base 11) in base 2?
-1001
What is -3b (base 12) in base 11?
-43
Convert -2 (base 10) to base 16.
-2
Convert 11 (base 5) to base 16.
6
-1110 (base 2) to base 9
-15
Convert 39 (base 11) to base 3.
1120
1 (base 7) to base 13
1
Convert 231 (base 10) to base 9.
276
-3 (base 10) to base 15
-3
-1 (base 4) to base 7
-1
What is -6 (base 10) in base 7?
-6
-100 (base 9) to base 10
-81
What is 0 (base 11) in base 3?
0
11 (base 13) to base 12
12
Convert -20 (base 6) to base 3.
-110
10 (base 3) to base 11
3
What is -a (base 15) in base 9?
-11
Convert 40 (base 8) to base 16.
20
Convert 55 (base 10) to base 7.
106
-3 (base 11) to base 10
-3
-a1 (base 16) to base 4
-2201
What is 1 (base 14) in base 16?
1
Convert -106 (base 7) to base 6.
-131
1 (base 15) to base 13
1
-51 (base 10) to base 7
-102
-313 (base 8) to base 14
-107
What is -3 (base 8) in base 3?
-10
What is 1 (base 10) in base 3?
1
What is 1 (base 10) in base 4?
1
Convert -20000 (base 3) to base 15.
-ac
What is -3 (base 8) in base 16?
-3
What is -10 (base 6) in base 16?
-6
Convert 0 (base 2) to base 15.
0
What is 3 (base 16) in base 8?
3
What is -21 (base 11) in base 8?
-27
Convert -3 (base 9) to base 10.
-3
What is 20 (base 7) in base 12?
12
What is -5 (base 16) in base 9?
-5
Convert -56 (base 14) to base 2.
-1001100
What is 16 (base 8) in base 2?
1110
1bb (base 12) to base 8
437
Convert 220 (base 7) to base 8.
160
119 (base 11) to base 6
353
Convert 4 (base 13) to base 12.
4
Convert -1 (base 2) to base 15.
-1
Convert -4 (base 7) to base 3.
-11
What is -11010001 (base 2) in base 8?
-321
Convert -1 (base 2) to base 16.
-1
-2 (base 8) to base 3
-2
What is 43 (base 11) in base 9?
52
0 (base 13) to base 10
0
302 (base 4) to base 8
62
What is 100111 (base 2) in base 11?
36
Convert 34 (base 9) to base 13.
25
-1a1 (base 13) to base 14
-176
What is 3 (base 9) in base 2?
11
Convert 1011 (base 2) to base 5.
21
-4 (base 10) to base 9
-4
4 (base 8) to base 6
4
-a0 (base 11) to base 4
-1232
Convert -2 (base 16) to base 8.
-2
-173 (base 9) to base 16
-93
Convert 4 (base 13) to base 3.
11
134 (base 8) to base 11
84
-32 (base 5) to base 7
-23
4 (base 8) to base 3
11
What is ed (base 16) in base 15?
10c
Convert -3 (base 16) to base 10.
-3
Convert -70 (base 12) to base 14.
-60
Convert -a (base 13) to base 3.
-101
6 (base 10) to base 11
6
Convert 2 (base 15) to base 4.
2
What is 11 (base 2) in base 7?
3
What is 2 (base 16) in base 15?
2
Convert 123 (base 8) to base 13.
65
-21 (base 4) to base 2
-1001
What is c2 (base 13) in base 12?
112
Convert -11 (base 3) to base 16.
-4
3 (base 4) to base 3
10
What is -213 (base 7) in base 8?
-154
-35 (base 10) to base 11
-32
Convert 81 (base 14) to base 5.
423
-8 (base 15) to base 5
-13
What is -260 (base 7) in base 4?
-2030
Convert 0 (base 11) to base 13.
0
What is -26 (base 7) in base 5?
-40
-b8 (base 14) to base 13
-c6
Convert 124 (base 11) to base 12.
103
What is -7 (base 10) in base 12?
-7
Convert -20 (base 10) to base 13.
-17
-d0 (base 16) to base 10
-208
Convert -434 (base 5) to base 2.
-1110111
-35 (base 14) to base 5
-142
Convert 52 (base 14) to base 15.
4c
Convert -65 (base 11) to base 9.
-78
Convert 2 (base 10) to base 13.
2
Convert 341 (base 5) to base 10.
96
Convert -113 (base 4) to base 6.
-35
Convert -3 (base 15) to base 2.
-11
Convert -26 (base 7) to base 6.
-32
Convert 0 (base 8) to base 15.
0
-31 (base 15) to base 7
-64
Convert 10220 (base 4) to base 8.
450
What is -1 (base 9) in base 4?
-1
Convert -63 (base 11) to base 5.
-234
What is 101 (base 3) in base 16?
a
-1 (base 14) to base 5
-1
What is -10 (base 4) in base 2?
-100
Convert 164 (base 7) to base 11.
87
Convert 141 (base 8) to base 11.
89
Convert -2102 (base 5) to base 7.
-544
What is -20201 (base 3) in base 10?
-181
What is 12 (base 8) in base 7?
13
-2c (base 13) to base 15
-28
Convert -11101000 (base 2) to base 14.
-128
What is 16 (base 8) in base 15?
e
Convert -1 (base 9) to base 6.
-1
Convert -10102 (base 3) to base 6.
-232
-18 (base 15) to base 5
-43
What is 3 (base 9) in base 15?
3
14 (base 6) to base 12
a
31 (base 14) to base 8
53
-297 (base 10) to base 14
-173
What is 315 (base 10) in base 11?
267
What is -2100 (base 4) in base 11?
-121
Convert 100111 (base 2) to base 15.
29
Convert c (base 15) to base 6.
20
Convert -12122 (base 3) to base 6.
-412
What is -24 (base 10) in base 4?
-120
7 (base 16) to base 8
7
24 (base 13) to base 7
42
What is 2 (base 7) in base 15?
2
Convert 78 (base 16) to base 11.
aa
Convert 11110001 (base 2) to base 3.
22221
Convert 11 (base 5) to base 3.
20
What is 1100 (base 4) in base 2?
1010000
What is -1 (base 6) in base 8?
-1
What is -34 (base 14) in base 8?
-56
Convert -11 (base 2) to base 12.
-3
Convert -2e (base 16) to base 11.
-42
What is -11 (base 14) in base 8?
-17
-50 (base 6) to base 12
-26
Convert -4 (base 6) to base 2.
-100
2 (base 4) to base 6
2
Convert -31 (base 5) to base 13.
-13
1011 (base 4) to base 5
234
What is -6 (base 16) in base 10?
-6
What is 11 (base 6) in base 12?
7
1 (base 11) to base 14
1
Convert -23 (base 10) to base 8.
-27
-24 (base 6) to base 16
-10
-6 (base 7) to base 15
-6
1310 (base 4) to base 15
7b
Convert -3 (base 15) to base 11.
-3
63 (base 14) to base 5
322
Convert -3 (base 14) to base 6.
-3
What is -7 (base 16) in base 7?
-10
What is -14 (base 11) in base 3?
-120
What is 1 (base 4)